{"id":20,"date":"2022-03-10T15:12:10","date_gmt":"2022-03-10T15:12:10","guid":{"rendered":"http:\/\/h-h-cars.de\/?page_id=20"},"modified":"2023-03-10T14:59:35","modified_gmt":"2023-03-10T14:59:35","slug":"garantie-finanzierung","status":"publish","type":"page","link":"https:\/\/h-h-cars.de\/?page_id=20","title":{"rendered":"Finanzierung &#038; Garantie"},"content":{"rendered":"<h3>Finanzierung<\/h3>\n<p>Zur Finanzierung arbeiten wir mit zwei zuverl\u00e4ssigen Partnern zusammen.<\/p>\n<ul>\n<li><strong>Santander Consumer Bank<\/strong><\/li>\n<li><strong>Bank11<\/strong><\/li>\n<\/ul>\n<p>&nbsp;<\/p>\n<p>Dadurch sind wir in der Lage, Ihnen ein sehr gro\u00dfes und vielseitiges Angebot zur Finanzierung zu bieten.<\/p>\n<p>&nbsp;<\/p>\n<p>&nbsp;<\/p>\n<p><strong>Gebrauchtwagengarantie<\/strong><\/p>\n<p>Wir m\u00f6chten, dass Sie lange Freude an Ihrem neuen Fahrzeug haben&#8230;.<\/p>\n<p>Um Ihnen Ihre Entscheidung mehr Sicherheit zu geben, bieten wir f\u00fcr die besondere Qualit\u00e4t Ihres Fahrzeugs eine Garantie, die begeistert.<\/p>\n<p>Die <strong>ProGarant GmbH\u00a0<\/strong>unterst\u00fctzt uns als Dienstleister mit der Abwicklung im Garantiefall.<\/p>\n<ul>\n<li>Sch\u00fctzt im Garantiefall vor unerwarteten Kosten<\/li>\n<li>100 % Lohnkostenersatz bis 200.000 km<\/li>\n<li>Absicherung auch f\u00fcr Komfortelektronik<\/li>\n<li>Garantie auch f\u00fcr Gasantrieb oder Fahrzeuge mit Hybridantrieb<\/li>\n<\/ul>\n<p>F\u00fcr jeden Bedarf das passende Garantiepaket:<\/p>\n<ul>\n<li><strong>Pro Select BASIC<\/strong>*<\/li>\n<li><strong>Pro Select CLASSIC<\/strong>*<\/li>\n<li><strong>Pro Select PREMIUM<\/strong>*<\/li>\n<\/ul>\n<p>und das bis zu 3 Jahren<\/p>\n<p>&nbsp;<\/p>\n<p>Die Garantie greift ab dem Tag des Fahrzeugkaufes und kann f\u00fcr fast alle Fahrzeugtypen und verschiedene Autoteile abgeschlossen werden.<\/p>\n<p>Wir beraten Sie gern.<\/p>\n<p>&nbsp;<\/p>\n<p>&nbsp;<\/p>\n<p>*gem\u00e4\u00df den Bedingungen der ProGarant GmbH, 44577 Castrop-Rauxel<\/p>\n","protected":false},"excerpt":{"rendered":"<p>Finanzierung Zur Finanzierung arbeiten wir mit zwei zuverl\u00e4ssigen Partnern zusammen. Santander Consumer Bank Bank11 &nbsp; Dadurch sind wir in der Lage, Ihnen ein sehr gro\u00dfes und vielseitiges Angebot zur Finanzierung zu bieten. &nbsp; &nbsp; Gebrauchtwagengarantie Wir m\u00f6chten, dass Sie lange<\/p>\n","protected":false},"author":1,"featured_media":0,"parent":0,"menu_order":0,"comment_status":"closed","ping_status":"closed","template":"","meta":{"footnotes":""},"_links":{"self":[{"href":"https:\/\/h-h-cars.de\/index.php?rest_route=\/wp\/v2\/pages\/20"}],"collection":[{"href":"https:\/\/h-h-cars.de\/index.php?rest_route=\/wp\/v2\/pages"}],"about":[{"href":"https:\/\/h-h-cars.de\/index.php?rest_route=\/wp\/v2\/types\/page"}],"author":[{"embeddable":true,"href":"https:\/\/h-h-cars.de\/index.php?rest_route=\/wp\/v2\/users\/1"}],"replies":[{"embeddable":true,"href":"https:\/\/h-h-cars.de\/index.php?rest_route=%2Fwp%2Fv2%2Fcomments&post=20"}],"version-history":[{"count":10,"href":"https:\/\/h-h-cars.de\/index.php?rest_route=\/wp\/v2\/pages\/20\/revisions"}],"predecessor-version":[{"id":439,"href":"https:\/\/h-h-cars.de\/index.php?rest_route=\/wp\/v2\/pages\/20\/revisions\/439"}],"wp:attachment":[{"href":"https:\/\/h-h-cars.de\/index.php?rest_route=%2Fwp%2Fv2%2Fmedia&parent=20"}],"curies":[{"name":"wp","href":"https:\/\/api.w.org\/{rel}","templated":true}]}}